hen j(6) is divided by l?
13
Let r be ((-6)/5)/((-16)/120). Calculate the remainder when 80 is divided by r*(1 + 8/4).
26
Suppose 5*w = -3*a + 61, 3*w + 0*w + 3 = 0. Suppose 4*h - 7 - 13 = 0. What is the remainder when a is divided by h?
2
Suppose -3*l + 55 + 32 = -3*f, 3*l + 25 = -f. Let a = -15 - f. What is the remainder when a is divided by 7?
6
Let p = -78 + 138. Suppose 0*x - p = -3*x. Let g = 11 + -4. Calculate the remainder when x is divided by g.
6
Let z(q) = -q**3 - q**2 + q + 2. Calculate the remainder when 11 is divided by z(-2).
3
Suppose -8 + 20 = 4*i. Suppose -i*a + 2*a - 5*w + 19 = 0, 0 = -5*a + 3*w + 179. What is the remainder when a is divided by 4*2*(-6)/(-4)?
10
Suppose -6*p + 99 + 147 = 0. What is the remainder when p is divided by -1*22/(-2*1)?
8
Let d(o) = -o**2 + 6*o - 2. Calculate the remainder when 16 is divided by d(4).
4
Suppose w - 2*w = -24. Calculate the remainder when w is divided by 5.
4
Suppose -5*k - 2*a - 36 = 0, -13 - 1 = 2*k + a. Let v(p) = -p - 3. Calculate the remainder when 16 is divided by v(k).
1
Let b = -3 + 9. Let s = b - 7. Let t = s - -5. Calculate the remainder when 11 is divided by t.
3
Let g = 57 - 51. Let k(q) = 23*q**2. Calculate the remainder when k(-1) is divided by g.
5
Let d = -1 + 1. Suppose -i = -d*i - 2. Suppose 0 = -i*n + 4*h + 44, n - 3*h = 5 + 12. Calculate the remainder when n is divided by 11.
10
Let a be 76/18 + (-18)/81. Suppose -152 = -3*i + o, a*o - 21 - 21 = -i. Calculate the remainder when i is divided by 13.
11
Let t(z) = -z**2 - 13*z + 11. Calculate the remainder when t(-13) is divided by (4/5)/(14/105).
5
Let u(j) = j**3 - 4*j**2 - 4*j + 11. Calculate the remainder when 77 is divided by u(5).
13
Suppose 0 = -3*c - 7 - 2. Let y(o) = -2*o + 9. Let f(u) = 4*u - 17. Let j(m) = -6*f(m) - 11*y(m). Calculate the remainder when j(c) is divided by 3.
0
Let f = -4 + 30. Let m(t) = t**2 + 2*t. Let p be m(-2). Suppose p = -5*o - 3*h + 58, 5*o + 0*o + 4*h - 54 = 0. What is the remainder when f is divided by o?
12
Let y(c) = c**3 + 8*c**2 + 8*c + 5. Suppose -4*f = -3*f - 14. What is the remainder when y(-5) is divided by f?
12
Let y(j) = 4*j**2 - j - 1. Let l be y(-1). Suppose -2*h - q + 11 = -14, -5*h + 43 = -l*q. What is the remainder when 22*(-3)/(-2) + -2 is divided by h?
9
Calculate the remainder when ((-15)/(-10) - 1)/((-1)/(-62)) is divided by 20.
11
Suppose 0 = -8*k + 3*k - 5*q + 170, -4*q - 188 = -5*k. Calculate the remainder when 71 is divided by k.
35
Suppose 4*z - 58 = -34. Calculate the remainder when (-2)/(-8) - (-59)/4 is divided by z.
3
Let b(w) = -w**3 - 10*w**2 + 9. Suppose 5*c - 9 = 2*c. Let y = -7 - c. What is the remainder when 17 is divided by b(y)?
8
Suppose 3*o - 54 = -9. Let c be (-21 + 0)*-1 + 1. Let w = 51 - c. What is the remainder when w is divided by o?
14
Suppose -4*r + 17 = -f, -3*r = 4*f - 3*f - 18. Suppose -2*w - f*m - 12 + 57 = 0, 0 = 2*w - 3*m - 27. What is the remainder when 35 is divided by w?
17
Let r(b) = 2*b**2 + 6*b + 4. Let v be r(-5). Suppose -2*h = -3*h + v. What is the remainder when h is divided by 13?
11
Suppose -y + 25 = -9. Let n = y - 14. What is the remainder when 79 is divided by n?
19
Let h(w) = -4*w**2 + 6 + 1 - 1 + 5*w**2. What is the remainder when h(-7) is divided by 14?
13
Let t(n) = 3 + 2*n**3 - 2*n**3 + 3*n**3 - 2*n - 2*n**2 - n**3. Calculate the remainder when 20 is divided by t(2).
6
Suppose -2*h = h - 54. Suppose -129 - h = -3*m. What is the remainder when m is divided by 17?
15
Let x(w) = -14*w + 3. Let t be x(-3). Let j = t + -31. Let o = -5 + 10. Calculate the remainder when j is divided by o.
4
Suppose -5*u + 18 = 4*x, 16 = 3*u - 0*x + 5*x. Suppose -u*b = -b + 26. Let o = -18 - b. What is the remainder when 23 is divided by o?
7
Suppose 0*o = 3*t - 4*o - 119, t + 4*o - 45 = 0. Calculate the remainder when t is divided by 11.
8
Let j(o) = -o**3 + 3*o**2 - o + 2. Let h be j(3). Suppose 0 = 4*p - 94 + 34. Calculate the remainder when h/((6/86)/(-3)) is divided by p.
13
Let g(a) = -2*a - 2. What is the remainder when ((-10)/(-8))/(8/64) is divided by g(-3)?
2
Let s = 17 + -11. Let c(n) = 2*n + 3. Calculate the remainder when 42 is divided by c(s).
12
Suppose 5*x - 40 = -5*j, -4*x - 9 = -7*x. Calculate the remainder when j is divided by 2.
1
Let j = -7 + 10. Let g = -29 - -61. Suppose -2*b + g = 3*l + l, l - 8 = 3*b. Calculate the remainder when l is divided by j.
2
Let o(r) = r**3 + 9*r**2 + 8*r - 4. Calculate the remainder when o(-4) is divided by 16.
12
What is the remainder when 164 is divided by (-1)/((-335)/165 - -2)?
32
Let f = -26 - -59. Calculate the remainder when f is divided by 9.
6
Calculate the remainder when (-35 + -3 + -3)*-1 is divided by 11.
8
Suppose 5*k + 30 = -0*k. Let r = 1 - -1. Calculate the remainder when 50 is divided by (k - -3) + 8*r.
11
Let h(u) = -96*u - 2. Calculate the remainder when h(-1) is divided by 24.
22
Let i be (-1 + -1)*(-15)/(-6). Let m = 0 - i. Calculate the remainder when 6 is divided by m.
1
Suppose 7*j = 5*j - 66. Let a = -22 - j. Calculate the remainder when 42 is divided by a.
9
Let q(w) = w + 6. Let m be q(-3). Suppose -c + m*y + 10 = 0, y - 12 = -c + 5*y. Suppose -2*n + 7*n - 10 = 0. Calculate the remainder when c is divided by n.
0
Let n(k) = k**2 - 2*k + 2. Let r be n(2). Suppose -4*h - 2*i = -110, -5*i - 97 = -4*h + 20. Calculate the remainder when h is divided by (5/2)/(r/12).
13
Suppose -5*y + 3 = 2*q - 19, 2*y - 22 = -3*q. Let c be 350/8 + 2/8. Suppose 6*m - c = 2*m. Calculate the remainder when m is divided by q.
5
Calculate the remainder when 39 + (1 - 0) - -2 is divided by 11.
9
Suppose -597 = -t + 4*t. Let o = -89 - t. Calculate the remainder when o is divided by 28.
26
Suppose 0 = 2*o + 20. Let b(k) = -k**2 - 10*k + 3. What is the remainder when 8 is divided by b(o)?
2
Suppose -8 = 4*z + 4*p, z + 3*p = p - 5. What is the remainder when 3 is divided by z?
0
Let h(p) = -p**3 - 11*p**2 + 9*p - 13. Let y(n) = 12*n - 8*n - 4 + 20*n. What is the remainder when y(3) is divided by h(-12)?
22
What is the remainder when 119 is divided by 9*((-4)/(-12) + 3)?
29
Let l(a) = 7*a - 88. What is the remainder when l(14) is divided by 8?
2
Let g(b) = -b + 14. What is the remainder when 73 is divided by g(-11)?
23
Suppose -b + 72 = 5*a, 0*b + 225 = 4*b - a. Calculate the remainder when b is divided by 31.
26
Let p(c) = -c**3 - c**2 - 2*c - 3. Let k be p(-2). Suppose -k = -r + 1. Suppose -48 = 3*y - r*y. What is the remainder when y is divided by 9?
7
Let n(d) = 2*d - 1. Let x be n(3). Let z = 10 + 3. What is the remainder when z is divided by x + 0*(-1)/(-2)?
3
Suppose 2*s - 4*p = -8*p + 16, 0 = -4*s - p + 4. Suppose -h + 2*h - 9 = s. Calculate the remainder when 33 is divided by h.
6
Suppose 3*c + 5*i - 51 = 0, -3*i = 3*c + i - 51. Let w = c + -12. Suppose -w = 2*s - 15. Calculate the remainder when s is divided by 2.
1
Let s(i) = -11 + 38 - 4*i + 3*i. Suppose 0 = -9*y + 4*y. What is the remainder when 80 is divided by s(y)?
26
Suppose -1003 = -2*a - 2*a - 3*y, 4*a + 2*y - 1002 = 0. Calculate the remainder when a is divided by 28.
26
Suppose 0 = -5*r + 104 + 41. Calculate the remainder when 56 is divided by r.
27
Suppose 0 = -4*b - 50 + 162. Let t be 356/b - 2/(-7). Suppose 3*g - 42 = 3*s, 2*g + s - 27 - t = 0. What is the remainder when 53 is divided by g?
17
Let o(z) = -5*z - 9. Let a be o(-6). Suppose d + 2*d + 2*h = -40, 3*d + 45 = 3*h. Let y = d + a. What is the remainder when 26 is divided by y?
5
Suppose 3*i + 0 = 12. Suppose 0 = v + 2*v + 3, i*v = 2*d - 10. Let k = 2 + d. What is the remainder when 13 is divided by k?
3
Let w = -392 + 427. Suppose 3 = -3*y - 3. Calculate the remainder when w is divided by (22 - (1 - -1)) + y.
17
Suppose 0 = 9*d - 13*d + 64. What is the remainder when d is divided by 9?
7
Let k be -1 - (1 + -3) - 9. Let a = k - -13. What is the remainder when (9 + 47/(-5))/(2/(-70)) is divided by a?
4
Let l be 34/(-6) - (-1)/(-3). Let p = l - -8. Calculate the remainder when 2 is divided by p.
0
Let t = -5 + 5. Suppose 4*s + 6 - 26 = t. Suppose 2*n = -3*n + 65. Calculate the remainder when n is divided by s.
3
Suppose 5*z + 4*v - 98 = 297, -5*v = 4*z - 307. What is the remainder when z is divided by 21?
20
Let l(o) be the second derivative of -o**5/20 - 